{"id":65276,"date":"2024-06-27T09:35:07","date_gmt":"2024-06-27T07:35:07","guid":{"rendered":"https:\/\/www.transport-logistics.be\/session\/businessbreakfast\/"},"modified":"2024-06-27T09:35:07","modified_gmt":"2024-06-27T07:35:07","slug":"businessbreakfast","status":"publish","type":"activity","link":"https:\/\/www.transport-logistics.be\/fr\/session\/businessbreakfast\/","title":{"rendered":"Business@breakfast"},"content":{"rendered":"","protected":false},"excerpt":{"rendered":"<p>Comme chaque ann\u00e9e, SMEinsider ouvre le salon avec le Business@Breakfast. C&rsquo;est la toute premi\u00e8re occasion de r\u00e9seautage pour commencer l&rsquo;\u00e9v\u00e9nement de deux jours. Vous y serez ? Rencontrer des entrepreneurs, se mesurer \u00e0 des partenaires de Transport &#038;amp ; Logistics, s&rsquo;informer sur les tendances et faire le plein d&rsquo;\u00e9nergie pendant les boissons de networking&#8230; le pavillon KMO-Insider est l&rsquo;endroit o\u00f9 il faut \u00eatre. N&rsquo;h\u00e9sitez pas \u00e0 vous y rendre !<\/p>\n","protected":false},"featured_media":0,"template":"","meta":{"_seopress_robots_primary_cat":"","_seopress_titles_title":"Business@breakfast par KMOinsider %%sep%% Transport & Logistics","_seopress_titles_desc":"Comme chaque ann\u00e9e, SMEinsider ouvre le salon avec le Business@Breakfast. C'est la toute premi\u00e8re occasion de r\u00e9seautage pour commencer l'\u00e9v\u00e9nement de deux jours. Serez-vous de la partie ? ","_seopress_robots_index":"","_activity_time_start":"10:00","_activity_time_end":"11:30","_activity_date":"2024-09-17","_activity_price":"","footnotes":""},"edition":[],"location":[383],"track":[],"activity_type":[390],"class_list":["post-65276","activity","type-activity","status-publish","hentry","location-skylounge","activity_type-seminaire"],"_guests":[{"href":"https:\/\/www.transport-logistics.be\/fr\/wp-json\/wp\/v2\/guest\/65199"},{"href":"https:\/\/www.transport-logistics.be\/fr\/wp-json\/wp\/v2\/guest\/65191"}],"_sponsors":[],"_cover_image":null,"_links":{"self":[{"href":"https:\/\/www.transport-logistics.be\/fr\/wp-json\/wp\/v2\/activity\/65276","targetHints":{"allow":["GET"]}}],"collection":[{"href":"https:\/\/www.transport-logistics.be\/fr\/wp-json\/wp\/v2\/activity"}],"about":[{"href":"https:\/\/www.transport-logistics.be\/fr\/wp-json\/wp\/v2\/types\/activity"}],"version-history":[{"count":0,"href":"https:\/\/www.transport-logistics.be\/fr\/wp-json\/wp\/v2\/activity\/65276\/revisions"}],"wp:attachment":[{"href":"https:\/\/www.transport-logistics.be\/fr\/wp-json\/wp\/v2\/media?parent=65276"}],"wp:term":[{"taxonomy":"edition","embeddable":true,"href":"https:\/\/www.transport-logistics.be\/fr\/wp-json\/wp\/v2\/edition?post=65276"},{"taxonomy":"location","embeddable":true,"href":"https:\/\/www.transport-logistics.be\/fr\/wp-json\/wp\/v2\/location?post=65276"},{"taxonomy":"track","embeddable":true,"href":"https:\/\/www.transport-logistics.be\/fr\/wp-json\/wp\/v2\/track?post=65276"},{"taxonomy":"activity_type","embeddable":true,"href":"https:\/\/www.transport-logistics.be\/fr\/wp-json\/wp\/v2\/activity_type?post=65276"}],"curies":[{"name":"wp","href":"https:\/\/api.w.org\/{rel}","templated":true}]}}

<p>Comme chaque année, SMEinsider ouvre le salon avec le Business@Breakfast. C&rsquo;est la toute première occasion de réseautage pour commencer l&rsquo;événement de deux jours. Vous y serez ? Rencontrer des entrepreneurs, se mesurer à des partenaires de Transport &#038;amp ; Logistics, s&rsquo;informer sur les tendances et faire le plein d&rsquo;énergie pendant les boissons de networking&#8230; le pavillon KMO-Insider est l&rsquo;endroit où il faut être. N&rsquo;hésitez pas à vous y rendre !</p>

Comme chaque année, SMEinsider ouvre le salon avec le Business@Breakfast. C'est la toute première occasion de réseautage pour commencer l'événement de deux jours. Serez-vous de la partie ?
