{"id":92798,"date":"2025-07-09T10:10:55","date_gmt":"2025-07-09T08:10:55","guid":{"rendered":"https:\/\/www.transport-logistics.be\/session\/flanders-dc\/"},"modified":"2025-10-08T11:21:58","modified_gmt":"2025-10-08T09:21:58","slug":"flanders-dc","status":"publish","type":"activity","link":"https:\/\/www.transport-logistics.be\/fr\/session\/flanders-dc\/","title":{"rendered":"Behind the Design: Cases that Move. Comment le design fait avanc\u00e9 la logistique et le transport."},"content":{"rendered":"\n<p><\/p>\n\n<p>Le monde du transport et de la logistique est en constante \u00e9volution. La num\u00e9risation, la durabilit\u00e9 et les march\u00e9s en mutation exigent des solutions flexibles et tourn\u00e9es vers l&rsquo;avenir. Mais la v\u00e9ritable innovation ne commence pas par la technologie, mais par la fa\u00e7on dont vous envisagez les d\u00e9fis. Les designers aident les entreprises \u00e0 changer cette perspective.<\/p>\n\n<p>Au cours de cette session, Flanders District of Creativity montre comment la collaboration avec des designers conduit \u00e0 des innovations intelligentes, efficaces et souvent inattendues. \u00c0 travers trois cas concrets, vous d\u00e9couvrirez les coulisses d&rsquo;entreprises qui ont collabor\u00e9 avec des designers et ont ainsi radicalement renforc\u00e9 leurs processus, leur infrastructure ou leurs services.<\/p>\n\n<p>Qu&rsquo;il s&rsquo;agisse d&rsquo;optimiser, d&rsquo;am\u00e9liorer ou de repenser, le design est un puissant moteur de changement. En partant de l&rsquo;utilisateur et du contexte, les designers trouvent des solutions qui fonctionnent vraiment. Avec <strong>Behind the Design : Cases that Move<\/strong>, nous voulons inspirer les entreprises du secteur de la logistique et du transport \u00e0 d\u00e9couvrir la puissance du design et \u00e0 franchir elles-m\u00eames le pas vers l&rsquo;innovation ax\u00e9e sur le design.<\/p>\n\n<p><strong>Programme:<\/strong><br\/>15u00 &#8211; 15u10 : Intro Flanders District of Creativity<br\/>15u10 &#8211; 15u25 : Pars Pro Toto (Bruno Van Son)<br\/>15u25 &#8211; 15u40 : Made (Joos Van den Bergh &amp; Nick Heeren)<br\/>15u40 &#8211; 15u55 : return2sender (Johan Bonner)<br\/>15u55 &#8211; 16u00 : Fin FDC<\/p>\n","protected":false},"excerpt":{"rendered":"<p>Le monde du transport et de la logistique est en constante \u00e9volution. La num\u00e9risation, la durabilit\u00e9 et les march\u00e9s en mutation exigent des solutions flexibles et tourn\u00e9es vers l&rsquo;avenir. Mais la v\u00e9ritable innovation ne commence pas par la technologie, mais par la fa\u00e7on dont vous envisagez les d\u00e9fis. Les designers aident les entreprises \u00e0 changer [&hellip;]<\/p>\n","protected":false},"featured_media":128792,"template":"","meta":{"_seopress_robots_primary_cat":"","_seopress_titles_title":"Behind the Design: Cases that Move | Transport & Logistics","_seopress_titles_desc":"Behind the Design: Cases that Move. Comment le design fait avanc\u00e9 la logistique et le transport.","_seopress_robots_index":"","_activity_time_start":"15:00","_activity_time_end":"16:00","_activity_date":"2025-10-14","_activity_price":"0","footnotes":""},"edition":[],"location":[381],"track":[],"activity_type":[],"class_list":["post-92798","activity","type-activity","status-publish","has-post-thumbnail","hentry","location-dock-2"],"_guests":[{"href":"https:\/\/www.transport-logistics.be\/fr\/wp-json\/wp\/v2\/guest\/128550"},{"href":"https:\/\/www.transport-logistics.be\/fr\/wp-json\/wp\/v2\/guest\/126514"},{"href":"https:\/\/www.transport-logistics.be\/fr\/wp-json\/wp\/v2\/guest\/126503"},{"href":"https:\/\/www.transport-logistics.be\/fr\/wp-json\/wp\/v2\/guest\/126481"}],"_sponsors":[],"_cover_image":null,"_links":{"self":[{"href":"https:\/\/www.transport-logistics.be\/fr\/wp-json\/wp\/v2\/activity\/92798","targetHints":{"allow":["GET"]}}],"collection":[{"href":"https:\/\/www.transport-logistics.be\/fr\/wp-json\/wp\/v2\/activity"}],"about":[{"href":"https:\/\/www.transport-logistics.be\/fr\/wp-json\/wp\/v2\/types\/activity"}],"version-history":[{"count":3,"href":"https:\/\/www.transport-logistics.be\/fr\/wp-json\/wp\/v2\/activity\/92798\/revisions"}],"predecessor-version":[{"id":128795,"href":"https:\/\/www.transport-logistics.be\/fr\/wp-json\/wp\/v2\/activity\/92798\/revisions\/128795"}],"wp:featuredmedia":[{"embeddable":true,"href":"https:\/\/www.transport-logistics.be\/fr\/wp-json\/wp\/v2\/media\/128792"}],"wp:attachment":[{"href":"https:\/\/www.transport-logistics.be\/fr\/wp-json\/wp\/v2\/media?parent=92798"}],"wp:term":[{"taxonomy":"edition","embeddable":true,"href":"https:\/\/www.transport-logistics.be\/fr\/wp-json\/wp\/v2\/edition?post=92798"},{"taxonomy":"location","embeddable":true,"href":"https:\/\/www.transport-logistics.be\/fr\/wp-json\/wp\/v2\/location?post=92798"},{"taxonomy":"track","embeddable":true,"href":"https:\/\/www.transport-logistics.be\/fr\/wp-json\/wp\/v2\/track?post=92798"},{"taxonomy":"activity_type","embeddable":true,"href":"https:\/\/www.transport-logistics.be\/fr\/wp-json\/wp\/v2\/activity_type?post=92798"}],"curies":[{"name":"wp","href":"https:\/\/api.w.org\/{rel}","templated":true}]}}

Behind the Design: Cases that Move. Comment le design fait avancé la logistique et le transport.

<p></p>

<p>Le monde du transport et de la logistique est en constante évolution. La numérisation, la durabilité et les marchés en mutation exigent des solutions flexibles et tournées vers l&rsquo;avenir. Mais la véritable innovation ne commence pas par la technologie, mais par la façon dont vous envisagez les défis. Les designers aident les entreprises à changer cette perspective.</p>

<p>Au cours de cette session, Flanders District of Creativity montre comment la collaboration avec des designers conduit à des innovations intelligentes, efficaces et souvent inattendues. À travers trois cas concrets, vous découvrirez les coulisses d&rsquo;entreprises qui ont collaboré avec des designers et ont ainsi radicalement renforcé leurs processus, leur infrastructure ou leurs services.</p>

<p>Qu&rsquo;il s&rsquo;agisse d&rsquo;optimiser, d&rsquo;améliorer ou de repenser, le design est un puissant moteur de changement. En partant de l&rsquo;utilisateur et du contexte, les designers trouvent des solutions qui fonctionnent vraiment. Avec <strong>Behind the Design : Cases that Move</strong>, nous voulons inspirer les entreprises du secteur de la logistique et du transport à découvrir la puissance du design et à franchir elles-mêmes le pas vers l&rsquo;innovation axée sur le design.</p>

<p><strong>Programme:</strong><br/>15u00 &#8211; 15u10 : Intro Flanders District of Creativity<br/>15u10 &#8211; 15u25 : Pars Pro Toto (Bruno Van Son)<br/>15u25 &#8211; 15u40 : Made (Joos Van den Bergh &amp; Nick Heeren)<br/>15u40 &#8211; 15u55 : return2sender (Johan Bonner)<br/>15u55 &#8211; 16u00 : Fin FDC</p>

<p>Le monde du transport et de la logistique est en constante évolution. La numérisation, la durabilité et les marchés en mutation exigent des solutions flexibles et tournées vers l&rsquo;avenir. Mais la véritable innovation ne commence pas par la technologie, mais par la façon dont vous envisagez les défis. Les designers aident les entreprises à changer [&hellip;]</p>
