{"id":100529,"date":"2025-08-20T14:56:04","date_gmt":"2025-08-20T12:56:04","guid":{"rendered":"https:\/\/www.transport-logistics.be\/speaker\/philippe-van-dijck\/"},"modified":"2025-08-20T14:56:07","modified_gmt":"2025-08-20T12:56:07","slug":"philippe-van-dijck","status":"publish","type":"guest","link":"https:\/\/www.transport-logistics.be\/fr\/speaker\/philippe-van-dijck\/","title":{"rendered":"Philippe Van Dijck"},"content":{"rendered":"\n<p>Philippe est associ\u00e9 chez AMBOS LAWYERS, un cabinet d&rsquo;avocats belge qui fournit des services juridiques sp\u00e9cialis\u00e9s dans le domaine du droit maritime, du transport et du droit commercial. Fort de plus de 11 ans d&rsquo;exp\u00e9rience, il a d\u00e9velopp\u00e9 une solide expertise et une excellente r\u00e9putation dans le secteur maritime, o\u00f9 il conseille et repr\u00e9sente des clients nationaux et internationaux dans le cadre de diverses questions juridiques et litiges.<\/p>\n\n<p><\/p>\n","protected":false},"excerpt":{"rendered":"<p>Philippe est associ\u00e9 chez AMBOS LAWYERS, un cabinet d&rsquo;avocats belge qui fournit des services juridiques sp\u00e9cialis\u00e9s dans le domaine du droit maritime, du transport et du droit commercial. Fort de plus de 11 ans d&rsquo;exp\u00e9rience, il a d\u00e9velopp\u00e9 une solide expertise et une excellente r\u00e9putation dans le secteur maritime, o\u00f9 il conseille et repr\u00e9sente des [&hellip;]<\/p>\n","protected":false},"featured_media":100431,"template":"","meta":{"_seopress_robots_primary_cat":"","_seopress_titles_title":"Philippe Van Dijck | AntwerpXL","_seopress_titles_desc":"","_seopress_robots_index":"","_company_name":"AMBOS LAWYERS","_job_title":"Lawyer (partner)","_visit_me":"","_email":"","_linkedin":"","_twitter":"","_facebook":"","_instagram":"","_youtube":"","_imdb":"","footnotes":""},"edition":[],"guest_type":[],"work":[],"class_list":["post-100529","guest","type-guest","status-publish","has-post-thumbnail","hentry"],"_cover_image":null,"_links":{"self":[{"href":"https:\/\/www.transport-logistics.be\/fr\/wp-json\/wp\/v2\/guest\/100529","targetHints":{"allow":["GET"]}}],"collection":[{"href":"https:\/\/www.transport-logistics.be\/fr\/wp-json\/wp\/v2\/guest"}],"about":[{"href":"https:\/\/www.transport-logistics.be\/fr\/wp-json\/wp\/v2\/types\/guest"}],"version-history":[{"count":1,"href":"https:\/\/www.transport-logistics.be\/fr\/wp-json\/wp\/v2\/guest\/100529\/revisions"}],"predecessor-version":[{"id":100530,"href":"https:\/\/www.transport-logistics.be\/fr\/wp-json\/wp\/v2\/guest\/100529\/revisions\/100530"}],"wp:featuredmedia":[{"embeddable":true,"href":"https:\/\/www.transport-logistics.be\/fr\/wp-json\/wp\/v2\/media\/100431"}],"wp:attachment":[{"href":"https:\/\/www.transport-logistics.be\/fr\/wp-json\/wp\/v2\/media?parent=100529"}],"wp:term":[{"taxonomy":"edition","embeddable":true,"href":"https:\/\/www.transport-logistics.be\/fr\/wp-json\/wp\/v2\/edition?post=100529"},{"taxonomy":"guest_type","embeddable":true,"href":"https:\/\/www.transport-logistics.be\/fr\/wp-json\/wp\/v2\/guest_type?post=100529"},{"taxonomy":"work","embeddable":true,"href":"https:\/\/www.transport-logistics.be\/fr\/wp-json\/wp\/v2\/work?post=100529"}],"curies":[{"name":"wp","href":"https:\/\/api.w.org\/{rel}","templated":true}]}}

<p>Philippe est associé chez AMBOS LAWYERS, un cabinet d&rsquo;avocats belge qui fournit des services juridiques spécialisés dans le domaine du droit maritime, du transport et du droit commercial. Fort de plus de 11 ans d&rsquo;expérience, il a développé une solide expertise et une excellente réputation dans le secteur maritime, où il conseille et représente des clients nationaux et internationaux dans le cadre de diverses questions juridiques et litiges.</p>

<p></p>

<p>Philippe est associé chez AMBOS LAWYERS, un cabinet d&rsquo;avocats belge qui fournit des services juridiques spécialisés dans le domaine du droit maritime, du transport et du droit commercial. Fort de plus de 11 ans d&rsquo;expérience, il a développé une solide expertise et une excellente réputation dans le secteur maritime, où il conseille et représente des [&hellip;]</p>
