{"id":100539,"date":"2025-08-20T15:02:12","date_gmt":"2025-08-20T13:02:12","guid":{"rendered":"https:\/\/www.transport-logistics.be\/speaker\/thomas-jannes\/"},"modified":"2025-08-20T15:02:16","modified_gmt":"2025-08-20T13:02:16","slug":"thomas-jannes","status":"publish","type":"guest","link":"https:\/\/www.transport-logistics.be\/fr\/speaker\/thomas-jannes\/","title":{"rendered":"Thomas Jannes"},"content":{"rendered":"\n<p>Thomas apporte une expertise approfondie acquise au cours de son mandat \u00e0 la Vrije Universiteit Brussel et dans le cadre de ses fonctions de direction en tant que responsable SOC et responsable avant-vente chez Secutec. Ayant \u00e9volu\u00e9 d&rsquo;un technicien tr\u00e8s d\u00e9vou\u00e9 \u00e0 un mentor pour les membres juniors de l&rsquo;\u00e9quipe, il est tr\u00e8s fier de partager ses connaissances. Son exp\u00e9rience et son expertise pratique, associ\u00e9es \u00e0 ses comp\u00e9tences en mati\u00e8re de r\u00e9solution de probl\u00e8mes et \u00e0 sa capacit\u00e9 \u00e0 expliquer des questions techniques complexes aux clients et aux parties prenantes, lui ont permis de mener \u00e0 bien des missions et de forger des partenariats durables.<\/p>\n\n<p>En r\u00e9sum\u00e9, son parcours professionnel refl\u00e8te non seulement un amour profond pour le travail technique pratique, mais aussi un engagement envers le mentorat et un talent pour la vente technique, une combinaison qui lui conf\u00e8re une position unique pour s&rsquo;\u00e9panouir dans des environnements de cybers\u00e9curit\u00e9 diversifi\u00e9s et dynamiques.<\/p>\n","protected":false},"excerpt":{"rendered":"<p>Thomas apporte une expertise approfondie acquise au cours de son mandat \u00e0 la Vrije Universiteit Brussel et dans le cadre de ses fonctions de direction en tant que responsable SOC et responsable avant-vente chez Secutec. Ayant \u00e9volu\u00e9 d&rsquo;un technicien tr\u00e8s d\u00e9vou\u00e9 \u00e0 un mentor pour les membres juniors de l&rsquo;\u00e9quipe, il est tr\u00e8s fier de [&hellip;]<\/p>\n","protected":false},"featured_media":99362,"template":"","meta":{"_seopress_robots_primary_cat":"","_seopress_titles_title":"Thomas Jannes | Transport & Logistics","_seopress_titles_desc":"","_seopress_robots_index":"","_company_name":"Secutec","_job_title":"Presales Manager","_visit_me":"","_email":"","_linkedin":"","_twitter":"","_facebook":"","_instagram":"","_youtube":"","_imdb":"","footnotes":""},"edition":[456],"guest_type":[],"work":[],"class_list":["post-100539","guest","type-guest","status-publish","has-post-thumbnail","hentry","edition-axl-2025"],"_cover_image":null,"_links":{"self":[{"href":"https:\/\/www.transport-logistics.be\/fr\/wp-json\/wp\/v2\/guest\/100539","targetHints":{"allow":["GET"]}}],"collection":[{"href":"https:\/\/www.transport-logistics.be\/fr\/wp-json\/wp\/v2\/guest"}],"about":[{"href":"https:\/\/www.transport-logistics.be\/fr\/wp-json\/wp\/v2\/types\/guest"}],"version-history":[{"count":1,"href":"https:\/\/www.transport-logistics.be\/fr\/wp-json\/wp\/v2\/guest\/100539\/revisions"}],"predecessor-version":[{"id":100540,"href":"https:\/\/www.transport-logistics.be\/fr\/wp-json\/wp\/v2\/guest\/100539\/revisions\/100540"}],"wp:featuredmedia":[{"embeddable":true,"href":"https:\/\/www.transport-logistics.be\/fr\/wp-json\/wp\/v2\/media\/99362"}],"wp:attachment":[{"href":"https:\/\/www.transport-logistics.be\/fr\/wp-json\/wp\/v2\/media?parent=100539"}],"wp:term":[{"taxonomy":"edition","embeddable":true,"href":"https:\/\/www.transport-logistics.be\/fr\/wp-json\/wp\/v2\/edition?post=100539"},{"taxonomy":"guest_type","embeddable":true,"href":"https:\/\/www.transport-logistics.be\/fr\/wp-json\/wp\/v2\/guest_type?post=100539"},{"taxonomy":"work","embeddable":true,"href":"https:\/\/www.transport-logistics.be\/fr\/wp-json\/wp\/v2\/work?post=100539"}],"curies":[{"name":"wp","href":"https:\/\/api.w.org\/{rel}","templated":true}]}}

<p>Thomas apporte une expertise approfondie acquise au cours de son mandat à la Vrije Universiteit Brussel et dans le cadre de ses fonctions de direction en tant que responsable SOC et responsable avant-vente chez Secutec. Ayant évolué d&rsquo;un technicien très dévoué à un mentor pour les membres juniors de l&rsquo;équipe, il est très fier de partager ses connaissances. Son expérience et son expertise pratique, associées à ses compétences en matière de résolution de problèmes et à sa capacité à expliquer des questions techniques complexes aux clients et aux parties prenantes, lui ont permis de mener à bien des missions et de forger des partenariats durables.</p>

<p>En résumé, son parcours professionnel reflète non seulement un amour profond pour le travail technique pratique, mais aussi un engagement envers le mentorat et un talent pour la vente technique, une combinaison qui lui confère une position unique pour s&rsquo;épanouir dans des environnements de cybersécurité diversifiés et dynamiques.</p>

<p>Thomas apporte une expertise approfondie acquise au cours de son mandat à la Vrije Universiteit Brussel et dans le cadre de ses fonctions de direction en tant que responsable SOC et responsable avant-vente chez Secutec. Ayant évolué d&rsquo;un technicien très dévoué à un mentor pour les membres juniors de l&rsquo;équipe, il est très fier de [&hellip;]</p>
