{"id":128550,"date":"2025-10-07T14:11:24","date_gmt":"2025-10-07T12:11:24","guid":{"rendered":"https:\/\/www.transport-logistics.be\/speaker\/johan-bonner\/"},"modified":"2025-10-08T11:26:01","modified_gmt":"2025-10-08T09:26:01","slug":"johan-bonner","status":"publish","type":"guest","link":"https:\/\/www.transport-logistics.be\/fr\/speaker\/johan-bonner\/","title":{"rendered":"Johan Bonner"},"content":{"rendered":"\n<p>Elvis, le film d&#8217;emballage r\u00e9utilisable le plus s\u00fbr pour palettes <\/p>\n\n<p>D\u00e9placer des palettes de mani\u00e8re plus s\u00fbre et plus durable : comment un concepteur peut-il r\u00e9soudre ce probl\u00e8me ?<\/p>\n\n<p><\/p>\n","protected":false},"excerpt":{"rendered":"<p>Elvis, le film d&#8217;emballage r\u00e9utilisable le plus s\u00fbr pour palettes D\u00e9placer des palettes de mani\u00e8re plus s\u00fbre et plus durable : comment un concepteur peut-il r\u00e9soudre ce probl\u00e8me ?<\/p>\n","protected":false},"featured_media":128801,"template":"","meta":{"_seopress_robots_primary_cat":"","_seopress_titles_title":"Johan Bonner | Transport & Logistics","_seopress_titles_desc":"","_seopress_robots_index":"","_company_name":"","_job_title":"","_visit_me":"","_email":"","_linkedin":"","_twitter":"","_facebook":"","_instagram":"","_youtube":"","_imdb":"","footnotes":""},"edition":[],"guest_type":[],"work":[],"class_list":["post-128550","guest","type-guest","status-publish","has-post-thumbnail","hentry"],"_cover_image":null,"_links":{"self":[{"href":"https:\/\/www.transport-logistics.be\/fr\/wp-json\/wp\/v2\/guest\/128550","targetHints":{"allow":["GET"]}}],"collection":[{"href":"https:\/\/www.transport-logistics.be\/fr\/wp-json\/wp\/v2\/guest"}],"about":[{"href":"https:\/\/www.transport-logistics.be\/fr\/wp-json\/wp\/v2\/types\/guest"}],"version-history":[{"count":2,"href":"https:\/\/www.transport-logistics.be\/fr\/wp-json\/wp\/v2\/guest\/128550\/revisions"}],"predecessor-version":[{"id":128804,"href":"https:\/\/www.transport-logistics.be\/fr\/wp-json\/wp\/v2\/guest\/128550\/revisions\/128804"}],"wp:featuredmedia":[{"embeddable":true,"href":"https:\/\/www.transport-logistics.be\/fr\/wp-json\/wp\/v2\/media\/128801"}],"wp:attachment":[{"href":"https:\/\/www.transport-logistics.be\/fr\/wp-json\/wp\/v2\/media?parent=128550"}],"wp:term":[{"taxonomy":"edition","embeddable":true,"href":"https:\/\/www.transport-logistics.be\/fr\/wp-json\/wp\/v2\/edition?post=128550"},{"taxonomy":"guest_type","embeddable":true,"href":"https:\/\/www.transport-logistics.be\/fr\/wp-json\/wp\/v2\/guest_type?post=128550"},{"taxonomy":"work","embeddable":true,"href":"https:\/\/www.transport-logistics.be\/fr\/wp-json\/wp\/v2\/work?post=128550"}],"curies":[{"name":"wp","href":"https:\/\/api.w.org\/{rel}","templated":true}]}}

<p>Elvis, le film d&#8217;emballage réutilisable le plus sûr pour palettes </p>

<p>Déplacer des palettes de manière plus sûre et plus durable : comment un concepteur peut-il résoudre ce problème ?</p>

<p></p>

<p>Elvis, le film d&#8217;emballage réutilisable le plus sûr pour palettes Déplacer des palettes de manière plus sûre et plus durable : comment un concepteur peut-il résoudre ce problème ?</p>
