{"id":40627,"date":"2023-08-17T15:04:05","date_gmt":"2023-08-17T13:04:05","guid":{"rendered":"https:\/\/www.transport-logistics.be\/logistics-check-for-the-future\/"},"modified":"2023-10-09T16:05:39","modified_gmt":"2023-10-09T14:05:39","slug":"logistics-check-for-the-future","status":"publish","type":"page","link":"https:\/\/www.transport-logistics.be\/fr\/logistics-check-for-the-future\/","title":{"rendered":"Logistics Check for the Future"},"content":{"rendered":"\t\t<div data-elementor-type=\"wp-page\" data-elementor-id=\"40627\" class=\"elementor elementor-40627 elementor-35126\" data-elementor-post-type=\"page\">\n\t\t\t\t\t\t<section class=\"elementor-section elementor-top-section elementor-element elementor-element-9097452 elementor-section-boxed elementor-section-height-default elementor-section-height-default\" data-id=\"9097452\" data-element_type=\"section\">\n\t\t\t\t\t\t<div class=\"elementor-container elementor-column-gap-default\">\n\t\t\t\t\t<div class=\"elementor-column elementor-col-100 elementor-top-column elementor-element elementor-element-2a7ecd6\" data-id=\"2a7ecd6\" data-element_type=\"column\">\n\t\t\t<div class=\"elementor-widget-wrap elementor-element-populated\">\n\t\t\t\t\t\t<div class=\"elementor-element elementor-element-99bc8da elementor-widget elementor-widget-heading\" data-id=\"99bc8da\" data-element_type=\"widget\" data-widget_type=\"heading.default\">\n\t\t\t\t<div class=\"elementor-widget-container\">\n\t\t\t\t\t<h1 class=\"elementor-heading-title elementor-size-default\">Logistics Check for the Future<\/h1>\t\t\t\t<\/div>\n\t\t\t\t<\/div>\n\t\t\t\t\t<\/div>\n\t\t<\/div>\n\t\t\t\t\t<\/div>\n\t\t<\/section>\n\t\t\t\t<section class=\"elementor-section elementor-top-section elementor-element elementor-element-8b9ccf9 elementor-section-boxed elementor-section-height-default elementor-section-height-default\" data-id=\"8b9ccf9\" data-element_type=\"section\">\n\t\t\t\t\t\t<div class=\"elementor-container elementor-column-gap-default\">\n\t\t\t\t\t<div class=\"elementor-column elementor-col-50 elementor-top-column elementor-element elementor-element-29c6b86\" data-id=\"29c6b86\" data-element_type=\"column\">\n\t\t\t<div class=\"elementor-widget-wrap elementor-element-populated\">\n\t\t\t\t\t\t<div class=\"elementor-element elementor-element-71e59cf elementor-widget elementor-widget-image\" data-id=\"71e59cf\" data-element_type=\"widget\" data-widget_type=\"image.default\">\n\t\t\t\t<div class=\"elementor-widget-container\">\n\t\t\t\t\t\t\t\t\t\t\t\t\t\t\t<img fetchpriority=\"high\" decoding=\"async\" width=\"800\" height=\"534\" src=\"https:\/\/easyfairsassets.com\/sites\/239\/2023\/06\/51651490668_acf692abe7_o-1024x683.jpg\" class=\"attachment-large size-large wp-image-34247\" alt=\"\" srcset=\"https:\/\/easyfairsassets.com\/sites\/239\/2023\/06\/51651490668_acf692abe7_o-1024x683.jpg 1024w, https:\/\/easyfairsassets.com\/sites\/239\/2023\/06\/51651490668_acf692abe7_o-300x200.jpg 300w, https:\/\/easyfairsassets.com\/sites\/239\/2023\/06\/51651490668_acf692abe7_o-768x512.jpg 768w, https:\/\/easyfairsassets.com\/sites\/239\/2023\/06\/51651490668_acf692abe7_o-1536x1024.jpg 1536w, https:\/\/easyfairsassets.com\/sites\/239\/2023\/06\/51651490668_acf692abe7_o.jpg 1920w\" sizes=\"(max-width: 800px) 100vw, 800px\" \/>\t\t\t\t\t\t\t\t\t\t\t\t\t\t\t<\/div>\n\t\t\t\t<\/div>\n\t\t\t\t\t<\/div>\n\t\t<\/div>\n\t\t\t\t<div class=\"elementor-column elementor-col-50 elementor-top-column elementor-element elementor-element-361c06b\" data-id=\"361c06b\" data-element_type=\"column\">\n\t\t\t<div class=\"elementor-widget-wrap elementor-element-populated\">\n\t\t\t\t\t\t<div class=\"elementor-element elementor-element-347fcf8 elementor-widget elementor-widget-heading\" data-id=\"347fcf8\" data-element_type=\"widget\" data-widget_type=\"heading.default\">\n\t\t\t\t<div class=\"elementor-widget-container\">\n\t\t\t\t\t<h4 class=\"elementor-heading-title elementor-size-default\">Mercredi 18 octobre de 15h00 \u00e0 16h00<\/h4>\t\t\t\t<\/div>\n\t\t\t\t<\/div>\n\t\t\t\t<div class=\"elementor-element elementor-element-43c22db elementor-widget elementor-widget-text-editor\" data-id=\"43c22db\" data-element_type=\"widget\" data-widget_type=\"text-editor.default\">\n\t\t\t\t<div class=\"elementor-widget-container\">\n\t\t\t\t\t\t\t\t\t<p>Au cours de ce s\u00e9minaire, la VIL et Montea offriront un aper\u00e7u pratique aux entreprises logistiques qui cherchent \u00e0 cr\u00e9er un avantage concurrentiel durable et innovant dans l&rsquo;\u00e9conomie du futur. Rik Vera, conf\u00e9rencier de premier plan, offrira une large perspective sur ce d\u00e9fi soci\u00e9tal gr\u00e2ce \u00e0 un discours d&rsquo;ouverture inspirant. Enfin, des entreprises telles que DHL et Kris De Leeneer partageront leurs propres exp\u00e9riences dans le cadre d&rsquo;une table ronde.<\/p>\n<p><strong>Programme<\/strong><br \/>\n<strong>15:00<\/strong> Discours de bienvenue &#8211; Jo De Wolf (CEO, Montea)<br \/>\n<strong>15h05<\/strong> Un regard vers l&rsquo;avenir &#8211; Rik Vera (Auteur et futurologue)<br \/>\n<strong>15h35<\/strong> Discussion avec Rik Vera, Kris De Leeneer (CEO, Kris De Leeneer) et Danny Van Himste (CEO, DHL Express Benelux).<br \/>\nMod\u00e9ratrice : Liesbeth Geysels (Directrice g\u00e9n\u00e9rale, VIL)<br \/>\n<strong>15h50<\/strong> Discours de cl\u00f4ture &#8211; Jo De Wolf (CEO, Montea)<br \/>\n<strong>16:00<\/strong> Fin<\/p>\n<p><strong>Ensuite, vous \u00eates cordialement invit\u00e9s \u00e0 prendre un verre au stand de la VIL (1.080).<\/strong><\/p>\n\t\t\t\t\t\t\t\t<\/div>\n\t\t\t\t<\/div>\n\t\t\t\t<section class=\"elementor-section elementor-inner-section elementor-element elementor-element-ae5188e elementor-section-boxed elementor-section-height-default elementor-section-height-default\" data-id=\"ae5188e\" data-element_type=\"section\">\n\t\t\t\t\t\t<div class=\"elementor-container elementor-column-gap-default\">\n\t\t\t\t\t<div class=\"elementor-column elementor-col-50 elementor-inner-column elementor-element elementor-element-b5c75b9\" data-id=\"b5c75b9\" data-element_type=\"column\">\n\t\t\t<div class=\"elementor-widget-wrap elementor-element-populated\">\n\t\t\t\t\t\t<div class=\"elementor-element elementor-element-72cc9ea elementor-widget elementor-widget-image\" data-id=\"72cc9ea\" data-element_type=\"widget\" data-widget_type=\"image.default\">\n\t\t\t\t<div class=\"elementor-widget-container\">\n\t\t\t\t\t\t\t\t\t\t\t\t\t\t\t<img decoding=\"async\" width=\"800\" height=\"277\" src=\"https:\/\/easyfairsassets.com\/sites\/239\/2023\/08\/VIL-logo-Empowering-Logistics-RGB-300DPI-1024x355.jpg\" class=\"attachment-large size-large wp-image-43230\" alt=\"\" srcset=\"https:\/\/easyfairsassets.com\/sites\/239\/2023\/08\/VIL-logo-Empowering-Logistics-RGB-300DPI-1024x355.jpg 1024w, https:\/\/easyfairsassets.com\/sites\/239\/2023\/08\/VIL-logo-Empowering-Logistics-RGB-300DPI-300x104.jpg 300w, https:\/\/easyfairsassets.com\/sites\/239\/2023\/08\/VIL-logo-Empowering-Logistics-RGB-300DPI-768x266.jpg 768w, https:\/\/easyfairsassets.com\/sites\/239\/2023\/08\/VIL-logo-Empowering-Logistics-RGB-300DPI-1536x532.jpg 1536w, https:\/\/easyfairsassets.com\/sites\/239\/2023\/08\/VIL-logo-Empowering-Logistics-RGB-300DPI.jpg 1920w\" sizes=\"(max-width: 800px) 100vw, 800px\" \/>\t\t\t\t\t\t\t\t\t\t\t\t\t\t\t<\/div>\n\t\t\t\t<\/div>\n\t\t\t\t\t<\/div>\n\t\t<\/div>\n\t\t\t\t<div class=\"elementor-column elementor-col-50 elementor-inner-column elementor-element elementor-element-953f2ed\" data-id=\"953f2ed\" data-element_type=\"column\">\n\t\t\t<div class=\"elementor-widget-wrap elementor-element-populated\">\n\t\t\t\t\t\t<div class=\"elementor-element elementor-element-0054148 elementor-widget elementor-widget-image\" data-id=\"0054148\" data-element_type=\"widget\" data-widget_type=\"image.default\">\n\t\t\t\t<div class=\"elementor-widget-container\">\n\t\t\t\t\t\t\t\t\t\t\t\t\t\t\t<img decoding=\"async\" width=\"740\" height=\"423\" src=\"https:\/\/easyfairsassets.com\/sites\/239\/2023\/06\/montea.png\" class=\"attachment-large size-large wp-image-35132\" alt=\"\" srcset=\"https:\/\/easyfairsassets.com\/sites\/239\/2023\/06\/montea.png 740w, https:\/\/easyfairsassets.com\/sites\/239\/2023\/06\/montea-300x171.png 300w\" sizes=\"(max-width: 740px) 100vw, 740px\" \/>\t\t\t\t\t\t\t\t\t\t\t\t\t\t\t<\/div>\n\t\t\t\t<\/div>\n\t\t\t\t\t<\/div>\n\t\t<\/div>\n\t\t\t\t\t<\/div>\n\t\t<\/section>\n\t\t\t\t\t<\/div>\n\t\t<\/div>\n\t\t\t\t\t<\/div>\n\t\t<\/section>\n\t\t\t\t<section class=\"elementor-section elementor-top-section elementor-element elementor-element-6a52ae9 elementor-section-boxed elementor-section-height-default elementor-section-height-default\" data-id=\"6a52ae9\" data-element_type=\"section\">\n\t\t\t\t\t\t<div class=\"elementor-container elementor-column-gap-default\">\n\t\t\t\t\t<div class=\"elementor-column elementor-col-66 elementor-top-column elementor-element elementor-element-fdd3b4a\" data-id=\"fdd3b4a\" data-element_type=\"column\">\n\t\t\t<div class=\"elementor-widget-wrap elementor-element-populated\">\n\t\t\t\t\t\t<div class=\"elementor-element elementor-element-44787c2 elementor-widget elementor-widget-heading\" data-id=\"44787c2\" data-element_type=\"widget\" data-widget_type=\"heading.default\">\n\t\t\t\t<div class=\"elementor-widget-container\">\n\t\t\t\t\t<h3 class=\"elementor-heading-title elementor-size-default\">Rik Vera<\/h3>\t\t\t\t<\/div>\n\t\t\t\t<\/div>\n\t\t\t\t<div class=\"elementor-element elementor-element-ca36ac3 elementor-widget elementor-widget-text-editor\" data-id=\"ca36ac3\" data-element_type=\"widget\" data-widget_type=\"text-editor.default\">\n\t\t\t\t<div class=\"elementor-widget-container\">\n\t\t\t\t\t\t\t\t\t<p>Rik Vera a plus de 20 ans d&rsquo;exp\u00e9rience \u00e0 des postes de direction g\u00e9n\u00e9rale dans de grandes entreprises industrielles mondiales avec des clients b2b et b2c, o\u00f9 l&rsquo;entreposage et la gestion de la cha\u00eene d&rsquo;approvisionnement \u00e9taient tr\u00e8s importants. Rik Vera a assum\u00e9 l&rsquo;enti\u00e8re responsabilit\u00e9 du P&amp;L pour l&rsquo;ensemble des activit\u00e9s de l&rsquo;entreprise.<\/p>\n\t\t\t\t\t\t\t\t<\/div>\n\t\t\t\t<\/div>\n\t\t\t\t\t<\/div>\n\t\t<\/div>\n\t\t\t\t<div class=\"elementor-column elementor-col-33 elementor-top-column elementor-element elementor-element-0854395\" data-id=\"0854395\" data-element_type=\"column\">\n\t\t\t<div class=\"elementor-widget-wrap elementor-element-populated\">\n\t\t\t\t\t\t<div class=\"elementor-element elementor-element-5f816f9 elementor-widget elementor-widget-image\" data-id=\"5f816f9\" data-element_type=\"widget\" data-widget_type=\"image.default\">\n\t\t\t\t<div class=\"elementor-widget-container\">\n\t\t\t\t\t\t\t\t\t\t\t\t\t\t\t<img loading=\"lazy\" decoding=\"async\" width=\"200\" height=\"300\" src=\"https:\/\/easyfairsassets.com\/sites\/239\/2023\/06\/Rik-Vera_photo22-200x300.jpg\" class=\"attachment-medium size-medium wp-image-35136\" alt=\"\" srcset=\"https:\/\/easyfairsassets.com\/sites\/239\/2023\/06\/Rik-Vera_photo22-200x300.jpg 200w, https:\/\/easyfairsassets.com\/sites\/239\/2023\/06\/Rik-Vera_photo22.jpg 289w\" sizes=\"(max-width: 200px) 100vw, 200px\" \/>\t\t\t\t\t\t\t\t\t\t\t\t\t\t\t<\/div>\n\t\t\t\t<\/div>\n\t\t\t\t\t<\/div>\n\t\t<\/div>\n\t\t\t\t\t<\/div>\n\t\t<\/section>\n\t\t\t\t<\/div>\n\t\t","protected":false},"excerpt":{"rendered":"<p>Logistics Check for the Future Mercredi 18 octobre de 15h00 \u00e0 16h00 Au cours de ce s\u00e9minaire, la VIL et Montea offriront un aper\u00e7u pratique aux entreprises logistiques qui cherchent \u00e0 cr\u00e9er un avantage concurrentiel durable et innovant dans l&rsquo;\u00e9conomie du futur. Rik Vera, conf\u00e9rencier de premier plan, offrira une large perspective sur ce d\u00e9fi [&hellip;]<\/p>\n","protected":false},"author":219,"featured_media":0,"parent":0,"menu_order":0,"comment_status":"closed","ping_status":"closed","template":"","meta":{"_seopress_robots_primary_cat":"","_seopress_titles_title":"","_seopress_titles_desc":"","_seopress_robots_index":"","footnotes":""},"class_list":["post-40627","page","type-page","status-publish","hentry"],"_links":{"self":[{"href":"https:\/\/www.transport-logistics.be\/fr\/wp-json\/wp\/v2\/pages\/40627","targetHints":{"allow":["GET"]}}],"collection":[{"href":"https:\/\/www.transport-logistics.be\/fr\/wp-json\/wp\/v2\/pages"}],"about":[{"href":"https:\/\/www.transport-logistics.be\/fr\/wp-json\/wp\/v2\/types\/page"}],"author":[{"embeddable":true,"href":"https:\/\/www.transport-logistics.be\/fr\/wp-json\/wp\/v2\/users\/219"}],"replies":[{"embeddable":true,"href":"https:\/\/www.transport-logistics.be\/fr\/wp-json\/wp\/v2\/comments?post=40627"}],"version-history":[{"count":4,"href":"https:\/\/www.transport-logistics.be\/fr\/wp-json\/wp\/v2\/pages\/40627\/revisions"}],"predecessor-version":[{"id":56049,"href":"https:\/\/www.transport-logistics.be\/fr\/wp-json\/wp\/v2\/pages\/40627\/revisions\/56049"}],"wp:attachment":[{"href":"https:\/\/www.transport-logistics.be\/fr\/wp-json\/wp\/v2\/media?parent=40627"}],"curies":[{"name":"wp","href":"https:\/\/api.w.org\/{rel}","templated":true}]}}

<div data-elementor-type="wp-page" data-elementor-id="40627" class="elementor elementor-40627 elementor-35126" data-elementor-post-type="page">
						<section class="elementor-section elementor-top-section elementor-element elementor-element-9097452 elementor-section-boxed elementor-section-height-default elementor-section-height-default" data-id="9097452" data-element_type="section">
						<div class="elementor-container elementor-column-gap-default">
					<div class="elementor-column elementor-col-100 elementor-top-column elementor-element elementor-element-2a7ecd6" data-id="2a7ecd6" data-element_type="column">
			<div class="elementor-widget-wrap elementor-element-populated">
						<div class="elementor-element elementor-element-99bc8da elementor-widget elementor-widget-heading" data-id="99bc8da" data-element_type="widget" data-widget_type="heading.default">
				<div class="elementor-widget-container">
					<h1 class="elementor-heading-title elementor-size-default">Logistics Check for the Future</h1>				</div>
				</div>
					</div>
		</div>
					</div>
		</section>
				<section class="elementor-section elementor-top-section elementor-element elementor-element-8b9ccf9 elementor-section-boxed elementor-section-height-default elementor-section-height-default" data-id="8b9ccf9" data-element_type="section">
						<div class="elementor-container elementor-column-gap-default">
					<div class="elementor-column elementor-col-50 elementor-top-column elementor-element elementor-element-29c6b86" data-id="29c6b86" data-element_type="column">
			<div class="elementor-widget-wrap elementor-element-populated">
						<div class="elementor-element elementor-element-71e59cf elementor-widget elementor-widget-image" data-id="71e59cf" data-element_type="widget" data-widget_type="image.default">
				<div class="elementor-widget-container">
															<img fetchpriority="high" decoding="async" width="800" height="534" src="https://easyfairsassets.com/sites/239/2023/06/51651490668_acf692abe7_o-1024x683.jpg" class="attachment-large size-large wp-image-34247" alt="" srcset="https://easyfairsassets.com/sites/239/2023/06/51651490668_acf692abe7_o-1024x683.jpg 1024w, https://easyfairsassets.com/sites/239/2023/06/51651490668_acf692abe7_o-300x200.jpg 300w, https://easyfairsassets.com/sites/239/2023/06/51651490668_acf692abe7_o-768x512.jpg 768w, https://easyfairsassets.com/sites/239/2023/06/51651490668_acf692abe7_o-1536x1024.jpg 1536w, https://easyfairsassets.com/sites/239/2023/06/51651490668_acf692abe7_o.jpg 1920w" sizes="(max-width: 800px) 100vw, 800px" />															</div>
				</div>
					</div>
		</div>
				<div class="elementor-column elementor-col-50 elementor-top-column elementor-element elementor-element-361c06b" data-id="361c06b" data-element_type="column">
			<div class="elementor-widget-wrap elementor-element-populated">
						<div class="elementor-element elementor-element-347fcf8 elementor-widget elementor-widget-heading" data-id="347fcf8" data-element_type="widget" data-widget_type="heading.default">
				<div class="elementor-widget-container">
					<h4 class="elementor-heading-title elementor-size-default">Mercredi 18 octobre de 15h00 à 16h00</h4>				</div>
				</div>
				<div class="elementor-element elementor-element-43c22db elementor-widget elementor-widget-text-editor" data-id="43c22db" data-element_type="widget" data-widget_type="text-editor.default">
				<div class="elementor-widget-container">
									<p>Au cours de ce séminaire, la VIL et Montea offriront un aperçu pratique aux entreprises logistiques qui cherchent à créer un avantage concurrentiel durable et innovant dans l&rsquo;économie du futur. Rik Vera, conférencier de premier plan, offrira une large perspective sur ce défi sociétal grâce à un discours d&rsquo;ouverture inspirant. Enfin, des entreprises telles que DHL et Kris De Leeneer partageront leurs propres expériences dans le cadre d&rsquo;une table ronde.</p>
<p><strong>Programme</strong><br />
<strong>15:00</strong> Discours de bienvenue &#8211; Jo De Wolf (CEO, Montea)<br />
<strong>15h05</strong> Un regard vers l&rsquo;avenir &#8211; Rik Vera (Auteur et futurologue)<br />
<strong>15h35</strong> Discussion avec Rik Vera, Kris De Leeneer (CEO, Kris De Leeneer) et Danny Van Himste (CEO, DHL Express Benelux).<br />
Modératrice : Liesbeth Geysels (Directrice générale, VIL)<br />
<strong>15h50</strong> Discours de clôture &#8211; Jo De Wolf (CEO, Montea)<br />
<strong>16:00</strong> Fin</p>
<p><strong>Ensuite, vous êtes cordialement invités à prendre un verre au stand de la VIL (1.080).</strong></p>
								</div>
				</div>
				<section class="elementor-section elementor-inner-section elementor-element elementor-element-ae5188e elementor-section-boxed elementor-section-height-default elementor-section-height-default" data-id="ae5188e" data-element_type="section">
						<div class="elementor-container elementor-column-gap-default">
					<div class="elementor-column elementor-col-50 elementor-inner-column elementor-element elementor-element-b5c75b9" data-id="b5c75b9" data-element_type="column">
			<div class="elementor-widget-wrap elementor-element-populated">
						<div class="elementor-element elementor-element-72cc9ea elementor-widget elementor-widget-image" data-id="72cc9ea" data-element_type="widget" data-widget_type="image.default">
				<div class="elementor-widget-container">
															<img decoding="async" width="800" height="277" src="https://easyfairsassets.com/sites/239/2023/08/VIL-logo-Empowering-Logistics-RGB-300DPI-1024x355.jpg" class="attachment-large size-large wp-image-43230" alt="" srcset="https://easyfairsassets.com/sites/239/2023/08/VIL-logo-Empowering-Logistics-RGB-300DPI-1024x355.jpg 1024w, https://easyfairsassets.com/sites/239/2023/08/VIL-logo-Empowering-Logistics-RGB-300DPI-300x104.jpg 300w, https://easyfairsassets.com/sites/239/2023/08/VIL-logo-Empowering-Logistics-RGB-300DPI-768x266.jpg 768w, https://easyfairsassets.com/sites/239/2023/08/VIL-logo-Empowering-Logistics-RGB-300DPI-1536x532.jpg 1536w, https://easyfairsassets.com/sites/239/2023/08/VIL-logo-Empowering-Logistics-RGB-300DPI.jpg 1920w" sizes="(max-width: 800px) 100vw, 800px" />															</div>
				</div>
					</div>
		</div>
				<div class="elementor-column elementor-col-50 elementor-inner-column elementor-element elementor-element-953f2ed" data-id="953f2ed" data-element_type="column">
			<div class="elementor-widget-wrap elementor-element-populated">
						<div class="elementor-element elementor-element-0054148 elementor-widget elementor-widget-image" data-id="0054148" data-element_type="widget" data-widget_type="image.default">
				<div class="elementor-widget-container">
															<img decoding="async" width="740" height="423" src="https://easyfairsassets.com/sites/239/2023/06/montea.png" class="attachment-large size-large wp-image-35132" alt="" srcset="https://easyfairsassets.com/sites/239/2023/06/montea.png 740w, https://easyfairsassets.com/sites/239/2023/06/montea-300x171.png 300w" sizes="(max-width: 740px) 100vw, 740px" />															</div>
				</div>
					</div>
		</div>
					</div>
		</section>
					</div>
		</div>
					</div>
		</section>
				<section class="elementor-section elementor-top-section elementor-element elementor-element-6a52ae9 elementor-section-boxed elementor-section-height-default elementor-section-height-default" data-id="6a52ae9" data-element_type="section">
						<div class="elementor-container elementor-column-gap-default">
					<div class="elementor-column elementor-col-66 elementor-top-column elementor-element elementor-element-fdd3b4a" data-id="fdd3b4a" data-element_type="column">
			<div class="elementor-widget-wrap elementor-element-populated">
						<div class="elementor-element elementor-element-44787c2 elementor-widget elementor-widget-heading" data-id="44787c2" data-element_type="widget" data-widget_type="heading.default">
				<div class="elementor-widget-container">
					<h3 class="elementor-heading-title elementor-size-default">Rik Vera</h3>				</div>
				</div>
				<div class="elementor-element elementor-element-ca36ac3 elementor-widget elementor-widget-text-editor" data-id="ca36ac3" data-element_type="widget" data-widget_type="text-editor.default">
				<div class="elementor-widget-container">
									<p>Rik Vera a plus de 20 ans d&rsquo;expérience à des postes de direction générale dans de grandes entreprises industrielles mondiales avec des clients b2b et b2c, où l&rsquo;entreposage et la gestion de la chaîne d&rsquo;approvisionnement étaient très importants. Rik Vera a assumé l&rsquo;entière responsabilité du P&amp;L pour l&rsquo;ensemble des activités de l&rsquo;entreprise.</p>
								</div>
				</div>
					</div>
		</div>
				<div class="elementor-column elementor-col-33 elementor-top-column elementor-element elementor-element-0854395" data-id="0854395" data-element_type="column">
			<div class="elementor-widget-wrap elementor-element-populated">
						<div class="elementor-element elementor-element-5f816f9 elementor-widget elementor-widget-image" data-id="5f816f9" data-element_type="widget" data-widget_type="image.default">
				<div class="elementor-widget-container">
															<img loading="lazy" decoding="async" width="200" height="300" src="https://easyfairsassets.com/sites/239/2023/06/Rik-Vera_photo22-200x300.jpg" class="attachment-medium size-medium wp-image-35136" alt="" srcset="https://easyfairsassets.com/sites/239/2023/06/Rik-Vera_photo22-200x300.jpg 200w, https://easyfairsassets.com/sites/239/2023/06/Rik-Vera_photo22.jpg 289w" sizes="(max-width: 200px) 100vw, 200px" />															</div>
				</div>
					</div>
		</div>
					</div>
		</section>
				</div>

<p>Logistics Check for the Future Mercredi 18 octobre de 15h00 à 16h00 Au cours de ce séminaire, la VIL et Montea offriront un aperçu pratique aux entreprises logistiques qui cherchent à créer un avantage concurrentiel durable et innovant dans l&rsquo;économie du futur. Rik Vera, conférencier de premier plan, offrira une large perspective sur ce défi [&hellip;]</p>
